{"id":13,"date":"2025-10-18T13:19:30","date_gmt":"2025-10-18T18:19:30","guid":{"rendered":"https:\/\/transportlapromenade.ca\/?page_id=13"},"modified":"2026-02-05T11:04:16","modified_gmt":"2026-02-05T16:04:16","slug":"13-2","status":"publish","type":"page","link":"https:\/\/transportlapromenade.ca\/","title":{"rendered":"Accueil"},"content":{"rendered":"<div class=\"et_pb_section_0 et_pb_section et_section_regular et_flex_section\">\n<div class=\"et_pb_row_0 et_pb_row et_flex_row et_animated et_flex_column_24_24\">\n<div class=\"et_pb_column_0 et_pb_column et_flex_column et_pb_css_mix_blend_mode_passthrough et_flex_column_6_24\">\n<div class=\"et_pb_icon_0 et_pb_icon et_animated et_pb_module et_flex_module\"><span class=\"et_pb_icon_wrap\"><span class=\"et-pb-icon\">\uf4c4<\/span><\/span><\/div>\n<\/div>\n\n<div class=\"et_pb_column_1 et_pb_column et-last-child et_flex_column et_pb_css_mix_blend_mode_passthrough et_flex_column_18_24 et_flex_column_2_5_tablet et_flex_column_24_24_phone\">\n<div class=\"et_pb_heading_0 et_pb_heading et_animated et_pb_module et_flex_module\"><div class=\"et_pb_heading_container\"><h2 class=\"et_pb_module_header\">Transport La promenade est un organisme sans but lucratif actif depuis 1982.<\/h2><\/div><\/div>\n<\/div>\n<\/div>\n<\/div>\n\n<div class=\"et_pb_section_1 et_pb_section et_section_regular et_flex_section\">\n<div class=\"et_pb_row_1 et_pb_row et_flex_row et_animated et_flex_column_24_24\">\n<div class=\"et_pb_column_2 et_pb_column et_flex_column et_pb_css_mix_blend_mode_passthrough et_flex_column_6_24\">\n<div class=\"et_pb_icon_1 et_pb_icon et_animated et_pb_module et_flex_module\"><span class=\"et_pb_icon_wrap\"><span class=\"et-pb-icon\">\uf05a<\/span><\/span><\/div>\n<\/div>\n\n<div class=\"et_pb_column_3 et_pb_column et-last-child et_flex_column et_pb_css_mix_blend_mode_passthrough et_flex_column_18_24 et_flex_column_2_5_tablet et_flex_column_24_24_phone\">\n<div class=\"et_pb_heading_1 et_pb_heading et_animated et_pb_module et_flex_module\"><div class=\"et_pb_heading_container\"><h2 class=\"et_pb_module_header\">Le service de transport adapt\u00e9 s\u2019adresse \u00e0 toute personne handicap\u00e9e ayant une d\u00e9ficience significative et persistante. Il peut s\u2019agir d\u2019une d\u00e9ficience physique, intellectuelle, visuelle ou psychique. Le chauffeur apporte une aide \u00e0 l\u2019embarquement et au d\u00e9barquement \u00e0 partir des lieux d\u00e9termin\u00e9s par le membre utilisateur. C\u2019est un service de porte \u00e0 porte accessible, sur r\u00e9servation.<\/h2><\/div><\/div>\n<\/div>\n<\/div>\n<\/div>\n\n<div class=\"et_pb_section_2 et_pb_section et_section_regular et_flex_section section_has_divider et_pb_bottom_divider\">\n<div class=\"et_pb_row_2 et_pb_row et_flex_row et_flex_column_24_24\">\n<div class=\"et_pb_column_4 et_pb_column et_flex_column et_pb_css_mix_blend_mode_passthrough et_flex_column_6_24 et_flex_column_24_24_phone\">\n<div class=\"et_pb_code_0 et_pb_code et_animated et_clickable et_pb_module\"><div class=\"et_pb_code_inner\"><svg xmlns=\"http:\/\/www.w3.org\/2000\/svg\" xmlns:xlink=\"http:\/\/www.w3.org\/1999\/xlink\" version=\"1.1\" id=\"Layer_1\" x=\"0px\" y=\"0px\" viewBox=\"0 0 327.22 601.69\" style=\"enable-background:new 0 0 327.22 601.69;\" xml:space=\"preserve\">\n<polygon points=\"297.48,0 229.42,142.97 229.42,68.55 147.2,68.55 147.2,343.68 149.41,344.22 326.34,1.71 327.22,0 \"\/>\n<g>\n\t<polygon style=\"fill:#00945E;\" points=\"154.05,369.47 123.8,432.82 156.29,432.82 156.29,369.98  \"\/>\n\t<polygon style=\"fill:#00945E;\" points=\"101,476.12 156.29,476.12 156.29,442.6 117.13,442.6  \"\/>\n\t<polygon style=\"fill:#00945E;\" points=\"80.16,515.38 156.29,515.38 156.29,482.71 96.95,482.71  \"\/>\n\t<polygon style=\"fill:#00945E;\" points=\"62.1,554.64 156.29,554.64 156.29,522.56 76.11,522.56  \"\/>\n\t<rect x=\"140.08\" y=\"560.08\" style=\"fill:#00945E;\" width=\"16.2\" height=\"41.6\"\/>\n<\/g>\n<path style=\"fill:#FFC629;\" d=\"M226.14,332.04v-15.87h-12.92c4.92-18.5,9.26-29.08,18.83-46.17c12.64-22.56,22.36-34.7,41.62-51.95  l2.29-2.05h-44.77l-67.3,127.93l-0.14,0.26v90.28l0.09,0.21c6.84,16.93,12.55,26.32,24.46,40.17c16.56,19.27,29.36,28.68,52.67,38.7  l1.28-1.92c-14.28-13.77-21.17-23.47-29.48-41.5c-7.38-16.03-10.23-26.42-11.89-43.65h7.5l0.87-5.19h17.61l1.74-11.26h12.65  l2.6-4.33h45.59l17.01-73.65H226.14z\"\/>\n<g>\n\t<path style=\"fill:#F5333F;\" d=\"M18.96,391.98c0.11-0.08,0.24-0.18,0.37-0.28c0.45-0.34,1.5-1.15,1.92-1.17   c0.26,0.35,0.41,0.65-0.12,1.39l-2.91,4.28l0.84,0.68c1.91,1.54,4.15,2.92,7.05,4.35l1.02,0.5l2.45-4.65   c0.33-0.49,0.78-0.77,1.16-0.59c0.22,0.11,0.54,0.27,0.28,1.25l-1.36,5.22l1.05,0.34c2.91,0.95,5.51,1.49,8.18,1.72l1.11,0.09   l0.75-5.5c0.1-0.49,0.41-1.01,0.89-1.01c0,0,0,0,0.01,0c0.24,0.02,0.59,0.05,0.71,1.05l0.53,5.48l1.12-0.06   c2.9-0.14,8.03-1.37,8.25-1.42l1.14-0.27l-1.28-5.46c-0.06-0.37-0.04-1.12,0.47-1.25c0.43-0.12,0.71,0.08,1.06,0.75l2.61,4.87   l0.99-0.44c3.12-1.37,5.47-2.67,7.4-4.11l0.93-0.69l-3.49-4.82c-0.19-0.36-0.39-1,0.01-1.29c0.18-0.14,0.3-0.15,0.37-0.15   c0.22,0,0.53,0.17,0.88,0.48l4.36,3.77l0.77-0.77c2.19-2.2,3.97-4.38,5.29-6.48l0.6-0.95l-4.95-3.4c-0.31-0.25-0.77-0.8-0.49-1.25   c0.31-0.5,0.65-0.38,1.3-0.14l5.41,1.88l0.44-0.99c1-2.28,2.1-4.95,2.64-7.85l0.2-1.09l-5.85-1.44c-0.36-0.11-1-0.46-0.9-0.98   c0.05-0.24,0.12-0.6,1.17-0.6l5.62-0.23v-1.13c0-0.21,0.01-0.42,0.01-0.64c0.01-0.24,0.01-0.48,0.01-0.71v-0.44   c0-2.06,0-4.18-0.34-6.25l-0.13-0.82l-1.35-0.25l-4.6,0.58l-0.12,0c-0.1,0-0.99-0.02-1.09-0.58c-0.04-0.26-0.1-0.61,0.86-0.99   l5.13-2.08l-0.34-1.04c-0.81-2.47-1.72-5.09-3.21-7.53l-0.56-0.92l-5.24,2.61c-0.24,0.11-0.5,0.17-0.73,0.17   c-0.44,0-0.56-0.21-0.61-0.29c-0.12-0.21-0.31-0.51,0.46-1.21l4.05-3.79l-0.71-0.85c-2.02-2.42-3.89-4.26-5.9-5.77l-0.87-0.65   l-3.73,4.22c-0.43,0.43-0.95,0.64-1.29,0.36c-0.2-0.16-0.47-0.37-0.02-1.3l2.42-5l-0.98-0.54c-2.68-1.47-5.98-2.69-9.54-3.53   l-1.07-0.25l-1.59,5.13c-0.2,0.52-0.56,0.88-0.88,0.88c-0.05,0-0.1-0.01-0.15-0.02c-0.23-0.06-0.58-0.15-0.53-1.19l0.15-5.28   l-1.1-0.09c-0.98-0.08-2.02-0.12-3.28-0.12c-1.62,0-3.09,0.11-4.76,0.34l-1.04,0.15l0.13,5.23c0,0.45-0.16,1.13-0.62,1.17l-0.1,0   c-0.18,0-0.44,0-0.74-0.9l-1.07-3.23L14.45,388.6l3.66,4.01L18.96,391.98z\"\/>\n\t<path style=\"fill:#F5333F;\" d=\"M137.68,178.04l-34.2,119.79H42.39l-7.79,28.92l1.72-0.2c2.12-0.25,3.5-2.06,3.55-4.64l1.7-6.5   c0.6-0.03,0.98,0.05,1.5,0.16c0.6,0.13,1.35,0.29,2.62,0.29c1.41,0,2.62,0.03,3.74,0.1l-0.15,5.35c-0.16,3.51,1.87,4.55,3.09,4.86   c2.08,0.53,4.24-0.79,5.17-3.23l1.68-5.42c4.44,1.12,8.56,2.64,12.03,4.42l-2.51,5.19c-1.57,3.14-0.14,4.91,0.85,5.69   c1.68,1.32,4.19,1,6.04-0.85l4.03-4.56c2.41,1.92,4.65,4.13,7.1,6.99l-4.22,3.96c-2.59,2.36-1.89,4.54-1.24,5.62   c1.09,1.84,3.51,2.45,5.92,1.38l5.75-2.86c1.65,2.94,2.8,6.08,3.81,9.11l-5.38,2.19c-3.26,1.29-3.38,3.57-3.17,4.81   c0.35,2.05,2.22,3.42,4.66,3.42c0.11,0,0.21,0,0.41-0.02l6.38-0.81c0.35,2.67,0.35,5.41,0.34,8.3l0,0.68   c0,0.33-0.01,0.65-0.02,0.98l-5.85,0.22c-3.51,0.03-4.44,2.11-4.69,3.35c-0.42,2.14,0.99,4.18,3.51,4.99l6.45,1.6   c-0.74,3.36-1.98,6.5-3.25,9.46l-5.77-2c-2.46-0.92-4.43-0.38-5.57,1.45c-1.16,1.83-0.57,4.24,1.49,5.92l5.43,3.74   c-1.7,2.55-3.86,5.17-6.42,7.82l-4.65-4.02c-1.95-1.74-3.99-1.95-5.72-0.66c-1.74,1.3-2.06,3.76-0.78,5.99l3.8,5.27   c-2.43,1.69-5.34,3.28-8.99,4.93l-2.74-5.11c-1.22-2.34-2.8-2.83-3.92-2.83c-0.39,0-0.79,0.06-1.2,0.17   c-2.09,0.6-3.27,2.78-2.85,5.4l1.34,5.71c-2.12,0.48-6.74,1.46-10.03,1.78l-0.55-5.67c-0.4-3.49-2.57-4.2-3.82-4.31   c-2.21-0.22-4.05,1.42-4.6,4.01l-0.8,5.86c-3.24-0.35-6.43-1.03-9.88-2.09l1.4-5.38c0.89-3.39-0.88-4.84-2.01-5.39   c-1.93-0.96-4.32-0.09-5.69,2.03l-2.53,4.81c-3.49-1.78-6.2-3.44-8.54-5.24l2.94-4.33c2.04-2.84,0.91-4.83,0.05-5.76   c-0.96-1.04-2.36-1.46-3.85-1.15L11,401.88L0,440.95h71.63L46.19,551.89l2.19,0.79l91.47-180.12l0.13-0.25V178.36L137.68,178.04z\"\/>\n<\/g>\n<\/svg><\/div><\/div>\n<\/div>\n\n<div class=\"et_pb_column_5 et_pb_column et-last-child et_flex_column et_pb_css_mix_blend_mode_passthrough et_flex_column_18_24 et_flex_column_24_24_phone\">\n<div class=\"et_pb_text_0 et_pb_text et_pb_bg_layout_light et_animated et_pb_module et_flex_module\"><div class=\"et_pb_text_inner\"><h1><strong>Val-d\u2019Or, la Ville<\/strong><\/h1>\n<p><span>Fond\u00e9e en 1935, la municipalit\u00e9 de Val-d\u2019Or s\u2019est d\u00e9velopp\u00e9e en simultan\u00e9 avec sa voisine, Bourlamaque, gr\u00e2ce \u00e0 l\u2019exploitation des mines d\u2019or Sigma et Lamaque. En janvier 2002, \u00e0 la suite d\u2019un d\u00e9cret du gouvernement du Qu\u00e9bec, les municipalit\u00e9s de Dubuisson, Vassan, Val-Senneville et Sullivan s\u2019ajoutent aux municipalit\u00e9s de Lac Lemoine et Bourlamaque (annex\u00e9es en 1968) et au territoire non-organis\u00e9 de Louvicourt (annex\u00e9 en 1997) pour ainsi former la nouvelle ville de Val-d\u2019Or. <\/span><\/p>\n<p><span>Val-d\u2019Or compte maintenant 33382 habitants r\u00e9parties sur un territoire qui s\u2019\u00e9tend sur une superficie de 3979 km2 avec un r\u00e9seau routier de 413 km. Le taux de ch\u00f4mage s\u2019\u00e9l\u00e8ve \u00e0 4,2% (d\u00e9cembre 2024 &#8211; <em>Ref\u00a0: Radio-canada abitibi-t\u00e9miscamingue<\/em>)<\/span><\/p>\n<p><span>La Ville de Val-d\u2019Or compte autour de 350 employ\u00e9s et administre un budget d\u2019environ 80,5 M$. En plus des domaines qu\u2019on retrouve g\u00e9n\u00e9ralement dans les municipalit\u00e9s de sa taille (direction g\u00e9n\u00e9rale, tr\u00e9sorerie, greffe, ressources humaines, urbanisme, infrastructures urbaines, travaux publics, s\u00e9curit\u00e9 incendies), Val-d\u2019Or a mis sur pied, afin de r\u00e9pondre aux besoins des citoyens, un service Sports et plein air, un service culturel, des conseils de quartier, diff\u00e9rentes politiques, une division de l\u2019environnement et des parcs, un service des communications, etc. Elle g\u00e8re en outre plusieurs infrastructures sportives (ar\u00e9na, piscines, patinoires, pistes cyclables, etc.), culturelles (biblioth\u00e8ques, salles de spectacles, etc.) et communautaires (centres communautaires en milieu rural). <\/span><\/p>\n<p><span>La Ville de Val-d\u2019Or, municipalit\u00e9 locale, a comme mission d\u2019assurer une offre de services efficace et adapt\u00e9e aux besoins des citoyens de son territoire dans le respect de la bonne gestion du bien public.<\/span><\/p>\n<\/div><\/div>\n<\/div>\n<\/div>\n<div class=\"et_pb_bottom_inside_divider et-no-transition\"><\/div><\/div>\n\n<div class=\"et_pb_section_3 et_pb_section et_section_regular et_flex_section section_has_divider et_pb_bottom_divider\">\n<div class=\"et_pb_row_3 et_pb_row et_flex_row et_animated et_flex_column_24_24\">\n<div class=\"et_pb_column_6 et_pb_column et_flex_column et_pb_css_mix_blend_mode_passthrough et_flex_column_6_24\">\n<div class=\"et_pb_icon_2 et_pb_icon et_animated et_pb_module et_flex_module\"><span class=\"et_pb_icon_wrap\"><span class=\"et-pb-icon\">\uf017<\/span><\/span><\/div>\n<\/div>\n\n<div class=\"et_pb_column_7 et_pb_column et-last-child et_flex_column et_pb_css_mix_blend_mode_passthrough et_flex_column_18_24 et_flex_column_2_5_tablet et_flex_column_24_24_phone\">\n<div class=\"et_pb_heading_2 et_pb_heading et_animated et_pb_module et_flex_module\"><div class=\"et_pb_heading_container\"><h2 class=\"et_pb_module_header\">Horaire de service<\/h2><\/div><\/div>\n\n<div class=\"et_pb_text_1 et_pb_text et_pb_bg_layout_light et_animated et_pb_module et_flex_module\"><div class=\"et_pb_text_inner\"><p>Le service de Transport La Promenade est en vigueur toute l\u2019ann\u00e9e, 7 jours sur 7, \u00e0 l\u2019exception de cong\u00e9 civique tel No\u00ebl, Jour de l\u2019an, P\u00e2ques\u2026<\/p>\n<p>L\u2019horaire tient compte des activit\u00e9s scolaires, commerciales, professionnelles et sociales. Il peut donc avoir extension des heures parfois\u00a0: Activit\u00e9 organis\u00e9 par la ville tel que\u00a0: Souper communautaire, soir\u00e9e de la St-Jean et quelques exceptions comme les parties de l\u2019\u00e9quipe locale du Hockey junior majeur.<\/p>\n<\/div><\/div>\n\n<div class=\"et_pb_divider_0 et_pb_divider_hidden et_pb_space et_pb_divider_position_top et_pb_module\"><div class=\"et_pb_divider_internal\"><\/div><\/div>\n\n<div class=\"et_pb_heading_3 et_pb_heading et_animated et_pb_module et_flex_module\"><div class=\"et_pb_heading_container\"><h1 class=\"et_pb_module_header\">Lundi au Vendredi<\/h1><\/div>\n<div class=\"et_pb_text_2 et_pb_text et_pb_bg_layout_light et_animated et_pb_module et_flex_module\"><div class=\"et_pb_text_inner\"><p><span style=\"color: #ffffff;\"><strong>7 h 30 \u00e0 17 h<\/strong><\/span><\/p>\n<\/div><\/div>\n<\/div>\n\n<div class=\"et_pb_divider_1 et_pb_divider_hidden et_pb_space et_pb_divider_position_top et_pb_module\"><div class=\"et_pb_divider_internal\"><\/div><\/div>\n\n<div class=\"et_pb_heading_4 et_pb_heading et_animated et_pb_module et_flex_module\"><div class=\"et_pb_heading_container\"><h1 class=\"et_pb_module_header\">Jeudi et Vendredi<\/h1><\/div>\n<div class=\"et_pb_text_3 et_pb_text et_pb_bg_layout_light et_animated et_pb_module et_flex_module\"><div class=\"et_pb_text_inner\"><p><strong><span style=\"color: #ffffff;\">18 h 30 \u00e0 22 h 30<\/span><\/strong><\/p>\n<\/div><\/div>\n<\/div>\n\n<div class=\"et_pb_divider_2 et_pb_divider_hidden et_pb_space et_pb_divider_position_top et_pb_module\"><div class=\"et_pb_divider_internal\"><\/div><\/div>\n\n<div class=\"et_pb_heading_5 et_pb_heading et_animated et_pb_module et_flex_module\"><div class=\"et_pb_heading_container\"><h1 class=\"et_pb_module_header\">Samedi<\/h1><\/div>\n<div class=\"et_pb_text_4 et_pb_text et_pb_bg_layout_light et_animated et_pb_module et_flex_module\"><div class=\"et_pb_text_inner\"><p><span style=\"color: #ffffff;\"><strong>13 h \u00e0 20 h<\/strong><\/span><\/p>\n<\/div><\/div>\n<\/div>\n\n<div class=\"et_pb_divider_3 et_pb_divider_hidden et_pb_space et_pb_divider_position_top et_pb_module\"><div class=\"et_pb_divider_internal\"><\/div><\/div>\n\n<div class=\"et_pb_heading_6 et_pb_heading et_animated et_pb_module et_flex_module\"><div class=\"et_pb_heading_container\"><h1 class=\"et_pb_module_header\">Dimanche<\/h1><\/div>\n<div class=\"et_pb_text_5 et_pb_text et_pb_bg_layout_light et_animated et_pb_module et_flex_module\"><div class=\"et_pb_text_inner\"><p><strong><span style=\"color: #ffffff;\">9 h \u00e0 20 h<\/span><\/strong><\/p>\n<\/div><\/div>\n<\/div>\n\n<div class=\"et_pb_divider_4 et_pb_divider_hidden et_pb_space et_pb_divider_position_top et_pb_module\"><div class=\"et_pb_divider_internal\"><\/div><\/div>\n\n<div class=\"et_pb_heading_7 et_pb_heading et_pb_module et_flex_module\"><div class=\"et_pb_heading_container\"><h1 class=\"et_pb_module_header\">D\u00e9lais de r\u00e9servation<\/h1><\/div><\/div>\n\n<div class=\"et_pb_text_6 et_pb_text et_pb_bg_layout_light et_pb_module et_flex_module\"><div class=\"et_pb_text_inner\"><p>Les usagers d\u00e9sirant un transport adapt\u00e9 doivent r\u00e9server au plus tard la veille du d\u00e9placement avant 15h30 \u00e0 l\u2019exception des r\u00e9servations pour les lundis qui doivent \u00eatre faites au plus tard le vendredi pr\u00e9c\u00e9dent. Les d\u00e9lais de r\u00e9servations peuvent \u00eatre modifi\u00e9s en raison de journ\u00e9es f\u00e9ri\u00e9es puisque les bureaux sont ferm\u00e9s lors de ces journ\u00e9es. Les samedi et dimanche peuvent \u00eatre r\u00e9serv\u00e9es la journ\u00e9e m\u00eame et \/ ou le vendredi avant 15h30.<\/p>\n<\/div><\/div>\n<\/div>\n<\/div>\n\n<div class=\"et_pb_row_4 et_pb_row et_flex_row\">\n<div class=\"et_pb_column_8 et_pb_column et-last-child et_flex_column et_pb_css_mix_blend_mode_passthrough et_flex_column_24_24\">\n<div class=\"et_pb_divider_5 et_pb_divider_hidden et_pb_space et_pb_divider_position_top et_pb_module\"><div class=\"et_pb_divider_internal\"><\/div><\/div>\n<\/div>\n<\/div>\n<div class=\"et_pb_bottom_inside_divider et-no-transition\"><\/div><\/div>","protected":false},"excerpt":{"rendered":"","protected":false},"author":1,"featured_media":32,"parent":0,"menu_order":0,"comment_status":"closed","ping_status":"closed","template":"","meta":{"footnotes":""},"class_list":["post-13","page","type-page","status-publish","has-post-thumbnail","hentry"],"_links":{"self":[{"href":"https:\/\/transportlapromenade.ca\/index.php\/wp-json\/wp\/v2\/pages\/13","targetHints":{"allow":["GET"]}}],"collection":[{"href":"https:\/\/transportlapromenade.ca\/index.php\/wp-json\/wp\/v2\/pages"}],"about":[{"href":"https:\/\/transportlapromenade.ca\/index.php\/wp-json\/wp\/v2\/types\/page"}],"author":[{"embeddable":true,"href":"https:\/\/transportlapromenade.ca\/index.php\/wp-json\/wp\/v2\/users\/1"}],"replies":[{"embeddable":true,"href":"https:\/\/transportlapromenade.ca\/index.php\/wp-json\/wp\/v2\/comments?post=13"}],"version-history":[{"count":87,"href":"https:\/\/transportlapromenade.ca\/index.php\/wp-json\/wp\/v2\/pages\/13\/revisions"}],"predecessor-version":[{"id":307,"href":"https:\/\/transportlapromenade.ca\/index.php\/wp-json\/wp\/v2\/pages\/13\/revisions\/307"}],"wp:featuredmedia":[{"embeddable":true,"href":"https:\/\/transportlapromenade.ca\/index.php\/wp-json\/wp\/v2\/media\/32"}],"wp:attachment":[{"href":"https:\/\/transportlapromenade.ca\/index.php\/wp-json\/wp\/v2\/media?parent=13"}],"curies":[{"name":"wp","href":"https:\/\/api.w.org\/{rel}","templated":true}]}}